- 2 = 326. Is v(u) a composite number?
False
Let s = -28 + 46. Let f = s - 17. Is -1 - 4157/(-3) - f/(-3) a prime number?
False
Let g(a) = -2*a**2 - 45*a + 15. Let m be g(-23). Is 5/10 - (-3 - (-20892)/m) composite?
True
Suppose 0 = 4*a + 20, -a + 6*a = 5*m - 25. Let p be (13 - 23938) + (-5 - m). Is (-6)/21 + p/(-14) prime?
True
Let s be 5 + (4 - 10)*(-6)/4. Suppose s*m + 10908 = 88174. Is m a prime number?
True
Let x = 20856 - 3519. Is x composite?
True
Let t(y) = -y**2 + 36*y + 36653. Is t(0) composite?
False
Let c = 2 + 14. Suppose 20*u = -24 - c. Is 420870/66 + u/(-33)*3 a prime number?
False
Let j = -267 + 294. Suppose j*g = 369076 + 155777. Is g a prime number?
False
Let x(k) be the second derivative of k**4/12 + 11*k**3/3 - 16*k**2 - 14*k. Let s be x(-24). Is -4*(-4)/s*307 prime?
True
Suppose 0 = -7*o - 232 + 596. Suppose -o*p - 6*p + 1948162 = 0. Is p prime?
True
Let u be (6 + -4)/(2/10). Is 2259/(-2)*u/(-15) prime?
False
Let f be (0 - 3/6)*0. Suppose -y + 5*u + 0*u - 5 = f, u - 2 = 0. Suppose 2*r = -m + 41, -48 = -5*m - y*r + 132. Is m a composite number?
False
Suppose -4*c + 30 = -10. Let f(y) = -9*y**2 + c*y**2 - 7*y**3 - 131*y**3 + 3 - 2*y. Is f(-2) a composite number?
True
Suppose 551277 = -10*s + 106*s - 472179. Is s a prime number?
False
Let x be (-6)/(-14) + -6 + (-184)/(-28). Let t(i) = 7*i**3 - 2*i**2 + i + 1. Let c be t(x). Suppose -184 - 1475 = -c*n. Is n composite?
True
Is ((-6331684)/136)/((-1)/2) a composite number?
False
Let g(b) = -b**3 + 73*b**2 - 495*b + 32. Is g(61) a prime number?
True
Let s(r) = -r**3 + 19*r**2 + 21*r - 16. Let q be s(20). Suppose 11 = -5*a + 4*b, 3*a + 4 = -q*b - 9. Is ((-1)/a)/((-4)/(-13812)) prime?
True
Suppose -5 + 20 = -15*p. Let z(k) = 61612*k**2 - 7*k - 6. Is z(p) a composite number?
False
Suppose 154377 = 2*l - 5*w, 2*l = -40*w + 36*w + 154386. Is l a composite number?
False
Suppose -71*x - 1624850 = -159*x + 2896854. Is x composite?
False
Is 24/(-120) + (-2809)/10*-508 prime?
True
Suppose 8*l + 10021 - 218205 = 0. Is l a prime number?
False
Is (-9)/(-9)*(33 - -202294) a composite number?
False
Let u(x) = -x**3 + 41*x**2 - 31*x + 22. Suppose -2*z + 18*f = 23*f - 69, 3*z - f = 78. Is u(z) a composite number?
False
Let s(f) = -f**3 - f**2 - 6*f - 7. Let t(w) = -2*w + w**3 - 5*w + 12*w + 1 - 4*w. Let x(l) = -s(l) - 6*t(l). Is x(-3) composite?
True
Let u = -196053 - -295140. Is u prime?
False
Let k be (-4 + 3 - 0)*5. Let z = -277 + k. Let n = z - -911. Is n composite?
True
Let x(u) = -3*u**2 + 36*u + 43. Let o be x(13). Let q be 2 + -1 + 3 + -2. Suppose i + 4802 = 5*s - q*i, -s - o*i + 942 = 0. Is s a prime number?
False
Let c(u) = 569*u**3 - 64*u**2 + 8*u + 21. Is c(8) composite?
True
Let t(y) = 27*y**3 - 7*y**2 + 6*y - 9. Suppose 3*h - 173 = -158. Is t(h) a composite number?
False
Suppose -2*v + 95 = -111. Let x = v + -101. Suppose -x*h + 1237 = -601. Is h composite?
False
Let i(p) = 4*p + 51. Let s be i(-11). Let f(g) = 415*g + 12. Is f(s) prime?
True
Is 873392 + (-37)/(999/(-729)) a prime number?
True
Let n(m) = 3854*m + 1039. Is n(44) composite?
True
Is ((-1643314)/116)/(33/6 + -3 - 3) prime?
False
Suppose 3*y - 284603 = -0*y - 4*i, 3*i + 12 = 0. Is y a composite number?
False
Let k(l) be the third derivative of l**6/24 - l**5/20 - 11*l**4/24 - 5*l**3/6 + 4*l**2. Let g be k(9). Let a = 4695 - g. Is a composite?
True
Let z(i) = -16*i**2 - 10*i - 17. Let l(k) = -16*k**2 - 8*k - 18. Let d(s) = 4*l(s) - 5*z(s). Is d(-11) a prime number?
False
Let f(q) be the second derivative of -q**5/5 - q**4/3 - 2*q**3/3 - 5*q**2/2 + 2*q. Suppose z - 5*w + 24 = 0, -4*w = -5*z - 8*w - 4. Is f(z) composite?
True
Suppose -o - 2*o - 78 = 0. Let g be o/(-12) - 3/18. Suppose 0 = 3*l + 4*k - 495, -3*k + 73 + 258 = g*l. Is l a prime number?
False
Let j(p) = -p**2 + 18*p + 35. Suppose 34*v - 20 = 33*v. Let i be j(v). Is (-3141)/(-7) - (i - 33/(-7)) a composite number?
False
Is ((1 - 0) + 4/(-3))/(251/(-11465931)) prime?
True
Suppose 2*v + m + 3*m = 108, 210 = 5*v - 2*m. Suppose -2*o - 20*i + 33 = -25*i, 0 = 3*o + 5*i + 13. Is (2 - (v*o - -3))*-1 a composite number?
True
Suppose -67*g = -70*g - 291. Let f = 1282 - g. Is f composite?
True
Let y(i) = i**3 - 4*i**2 - i + 6. Let r be y(4). Suppose f = 2*f + q + 5, 4 = -r*f + 4*q. Is 2 - (-294)/(f + 6) a composite number?
False
Suppose -12*f - 261 = 1527. Let v = f + 900. Is v prime?
True
Suppose -13*k + 65 = -13. Is (-1)/(6027/12058 + (-3)/k) a composite number?
False
Suppose 1015856 = -27*o + 2100277 + 2193460. Is o prime?
True
Suppose 83*k + i = 88*k - 58, k - 8 = 2*i. Let l(y) = y**3 + 11*y**2 - y - 41. Is l(k) prime?
True
Let a(l) = -l**3 + 19*l**2 + 18*l - 47. Let o be a(20). Let y = o - -434. Is y a composite number?
False
Let q(i) = -i**3 - 10*i**2 - 10*i + 3. Let c be q(-9). Is 19*3980/15 - 4/c composite?
True
Suppose 3*i = -4*w + 12, 4*w - 8 = 2*i - 4*i. Suppose 2*y + i*p - 897 = -y, 600 = 2*y + 2*p. Let b = y + 32. Is b composite?
True
Suppose 3*d - 76 = -d. Suppose -d*u + 25*u = 80874. Is u composite?
True
Let v(d) = -4481*d**3 - 3*d**2 + 21*d + 37. Is v(-2) a composite number?
False
Let z(m) = 537*m + 47. Let a be z(-8). Let i = a - -7080. Is i a prime number?
False
Let b(w) = -12010*w**3 + 3*w**2 + 13*w - 13. Is b(-3) a prime number?
False
Let h(w) = -27*w**3 - 14*w**2 - 59*w + 3. Let l be h(-4). Let k = 5521 - l. Is k a prime number?
False
Let a = 222 + -207. Let v(w) = 2*w**3 + 2*w**2 - 28*w - 13. Is v(a) composite?
True
Let d(l) be the third derivative of 1/60*l**5 + 1/8*l**4 + 0*l - 5*l**2 + 0 - 5/6*l**3. Is d(-8) a prime number?
False
Is (406599/(-15))/(-14 - -18 - 42/10) a prime number?
True
Let q(r) = 5*r**3 - 55*r**2 - 35*r + 16. Is q(15) a prime number?
False
Let i(d) = -6*d**3 + 4 + 2*d**2 + 20*d**3 - 2*d - 3*d. Let x be i(2). Let l = 1027 - x. Is l prime?
False
Suppose 3*r = -3*h + 875937, -1436*h + 1435*h + 4*r + 291939 = 0. Is h prime?
True
Let p(g) = -3*g**3 - 7*g**2 + 7*g - 8. Suppose 0 = d - 3*r + 2, -15 + 30 = -2*d - 5*r. Is p(d) prime?
True
Let d(n) = -114*n**3 + n**2 + 4. Let u be 34/8 + 0 + 7/(-28). Suppose g - 7*j + 2*j - 7 = 0, 4*g - u*j + 4 = 0. Is d(g) prime?
False
Let s = -228 + 33. Let y = 2504 + s. Is y composite?
False
Suppose -l - 17 = 19. Let v = l - -36. Suppose v = -3*z + 2*a + 1860, -819 = -2*z - 3*a + 434. Is z a prime number?
False
Suppose 58 = 5*p - 3*u - 82, 3*p + 4*u - 55 = 0. Suppose -314686 = -p*n - 12761. Is n a composite number?
True
Let r(s) = 3*s + 12. Let h be r(5). Suppose 0 = h*o - 33*o + 48186. Is o composite?
True
Let z(i) = -2*i**2 + 58*i - 20. Let m be z(-12). Let q = m + 2365. Is q a prime number?
True
Let a = -159771 + 250592. Is a a composite number?
False
Let i(b) = -b**3 + 2*b - 1. Let a be i(1). Suppose 7 = w - a. Suppose 0 = -2*d + w*d - 7405. Is d a prime number?
True
Suppose -34*k - 22*k = 130*k - 6443412. Is k a composite number?
True
Let s(a) = 5*a - 181. Let r be s(36). Is (-10 - (-6)/18)/(r/501) composite?
True
Suppose -37737 - 103643 = -20*q. Is q a prime number?
True
Let k be (-66)/165 - 6*(-22909)/10. Suppose -3*f - 2*q + k = -q, 5*f + 5*q - 22895 = 0. Is f prime?
True
Suppose -62*y + 32130618 = -8216440. Is y a prime number?
True
Suppose -18*x - 13832 = -10*x. Is (x - -106)*(-2)/6 a composite number?
False
Suppose n = -g + 6279 + 1119, -4*g - 7398 = -n. Let w = 11387 - n. Is w a composite number?
False
Let y = 3887 - -1622. Is y a composite number?
True
Let t(a) = 87176*a**2 + 442*a - 2211. Is t(5) prime?
True
Suppose -24*o + 12 = -20*o. Is (-6)/2 + 1*4110/o a composite number?
False
Suppose 0 = 3*r - 4*y - 124211, -272*r + 82796 = -270*r + 3*y. Is r prime?
False
Let k(b) = 5125*b**2 - 62*b - 292. Is k(-5) a prime number?
False
Suppose 0 = 11*m + 133 + 43. Let x(b) = -270*b - 49. Is x(m) a composite number?
False
Suppose 0 = i + 11*d - 13*d - 14343, 5*i - 71743 = -4*d. Is i composite?
False
Let j(l) = -37*l**3 - 11*l**2 + 5*l + 6. Let r be j(-6). Suppose -r = -13*p - 1774. Is p a prime number?
False
Let t(r) = -26*r + 80. Let c be t(3). Suppose 0 = -c*m + 4 - 2, 0 = -p + 5*m + 374. Is p prime?
True
Let o = 595 + -344. Let t = -165 + o. Let z = 75 + t. Is z prime?
False
Let d(w) = -218*w + 74. Let z(a) = -438*a + 149. Let y(n) = -7*d(n) + 3*z(n). Is y(20) a prime number?
False
Let l(i) =